260 + 145?
1a3a5
In base 4, what is 10 + -1121233202303?
-1121233202233
In base 9, what is -270586303 + -2?
-270586305
In base 6, what is -2455 + 41211?
34312
In base 4, what is -1213001211120 + 3?
-1213001211111
In base 6, what is 33454 - 253032?
-215134
In base 5, what is 24 - 122314211?
-122314132
In base 9, what is 126534 + 2208?
128743
In base 6, what is -2415 + -3051?
-5510
In base 2, what is 1101 - -100000000000011101?
100000000000101010
In base 10, what is -30325 + -5634?
-35959
In base 13, what is 17c + 218832?
2189b1
In base 2, what is 1101111001011101 - -111101011000?
1110110110110101
In base 6, what is -4 + 410123350?
410123342
In base 8, what is 1 + 17064203?
17064204
In base 4, what is -2 + 2103022233021?
2103022233013
In base 11, what is -4 + 6522857?
6522853
In base 5, what is -3144 - -2412431?
2404232
In base 3, what is -112 - 101022012120110?
-101022012120222
In base 14, what is 4 + -1c82?
-1c7c
In base 5, what is 324211 - 11313?
312343
In base 11, what is 5a + -92811?
-92762
In base 7, what is -321 - 14124054?
-14124405
In base 15, what is da801 - -58?
da859
In base 11, what is -5 + -17422a2?
-17422a7
In base 11, what is 43 + -1809a9?
-180966
In base 11, what is 1242693 - 0?
1242693
In base 12, what is -44756a07 + 5?
-44756a02
In base 8, what is -573002052 + 2?
-573002050
In base 11, what is 12519035 + 1?
12519036
In base 5, what is -2001324342 + -10?
-2001324402
In base 2, what is 100010011100110100 - 110001?
100010011100000011
In base 16, what is 18bbf6 + -5?
18bbf1
In base 10, what is 67 - 4394125?
-4394058
In base 16, what is 3 - -20b85f?
20b862
In base 4, what is 2200 + 100223210?
100232010
In base 8, what is 136 - -1277741?
1300077
In base 15, what is 1 + 185a12c0?
185a12c1
In base 7, what is -33161536 + -5?
-33161544
In base 2, what is 10000001101 - -1010101011001?
1100101100110
In base 8, what is 3 - -5341644?
5341647
In base 16, what is 4 - -a86dc?
a86e0
In base 8, what is 112012624 + 3?
112012627
In base 2, what is -10000000111111011110000101010 - -101?
-10000000111111011110000100101
In base 9, what is -1306260 - -27?
-1306232
In base 10, what is -15056146 - 5?
-15056151
In base 15, what is a4 + 4601?
46a5
In base 12, what is -12 - 19a203?
-19a215
In base 16, what is 8 - -7c269?
7c271
In base 9, what is -1563 - -38872?
37308
In base 3, what is -1002001121211000202 - -10?
-1002001121211000122
In base 16, what is 37fd - -392?
3b8f
In base 13, what is -3c190 - -c1?
-3c09c
In base 8, what is 13075222 + -4?
13075216
In base 4, what is -10 + 21132022122?
21132022112
In base 7, what is 554501 + -4305?
550163
In base 8, what is -115 - -2623520?
2623403
In base 11, what is -7 + -193a1a2?
-193a1a9
In base 5, what is -1414 - 232041423?
-232043342
In base 15, what is -12ac00 - -185?
-12aa6a
In base 10, what is -29133495 - -1?
-29133494
In base 6, what is 233440 - 105300?
124140
In base 4, what is 1322 - -102333200?
103001122
In base 8, what is -253622 + 2051?
-251551
In base 12, what is 504300 + -18?
5042a4
In base 13, what is 240069 + 8?
240074
In base 5, what is 114004 + -1212?
112242
In base 16, what is -5 + -11f048b?
-11f0490
In base 6, what is -1101240455 + 3?
-1101240452
In base 15, what is -1a44d + 7e?
-1a3be
In base 7, what is 4611442 + 151?
4611623
In base 2, what is 110101110000110111110010 - -100?
110101110000110111110110
In base 12, what is 2 + -227a08?
-227a06
In base 5, what is -10420031 + 21223?
-10343303
In base 7, what is -10601 + -3130551?
-3141452
In base 5, what is 22332 + 14320244?
14343131
In base 4, what is 3 + 112212022000?
112212022003
In base 8, what is 7142237 - -7?
7142246
In base 14, what is -470 - -31a63?
315d3
In base 9, what is 82562 - -44?
82616
In base 12, what is 16247bb + -8?
16247b3
In base 4, what is -3302122 - -133?
-3301323
In base 7, what is 1 + 5051442?
5051443
In base 14, what is 15d204c5 - 2?
15d204c3
In base 4, what is 0 - 121212202132?
-121212202132
In base 7, what is -12 + 110051235?
110051223
In base 16, what is c5f6 + -96?
c560
In base 8, what is -221217317 - -4?
-221217313
In base 5, what is -23110331 - -11302?
-23044024
In base 16, what is 10874 - -16?
1088a
In base 15, what is 4 + -27d53ce?
-27d53ca
In base 5, what is -242343443 + -204?
-242344202
In base 9, what is -4 - -22054760?
22054755
In base 8, what is 27276 + 62?
27360
In base 9, what is 4130 - 2678?
1341
In base 3, what is -111110100010 + -1010?
-111110101020
In base 10, what is -2 + 27052252?
27052250
In base 13, what is 5 + a7826a?
a78272
In base 10, what is -36039 + 193?
-35846
In base 15, what is 16 - 1653b2?
-16539b
In base 7, what is -3512 + 150323?
143511
In base 7, what is 5 - -50541316?
50541324
In base 3, what is 22200211122 - 11102210?
22112101212
In base 4, what is 13 - -1031120221?
1031120300
In base 13, what is 70a3 - -1321?
83c4
In base 2, what is -1100111101000110010 - 101?
-1100111101000110111
In base 6, what is 3 + 232335531?
232335534
In base 6, what is 25515 + 3244?
33203
In base 6, what is -422102 + -111510?
-534012
In base 13, what is 8 - -1b78492?
1b7849a
In base 2, what is -1111000000101010 + 11000000?
-1110111101101010
In base 14, what is 42 - b641b?
-b63b9
In base 12, what is -2 - 1b3191a9?
-1b3191ab
In base 3, what is 12122022011110221 - -12?
12122022011111010
In base 8, what is 54535500 - 0?
54535500
In base 7, what is 11432546554 + 0?
11432546554
In base 2, what is -1001010110100010111 + 1011?
-1001010110100001100
In base 15, what is 13a752 + -c?
13a745
In base 7, what is -2220641334 - 2?
-2220641336
In base 2, what is -101 - -11010100101010101110110011?
11010100101010101110101110
In base 14, what is -b7a081 + -6?
-b7a087
In base 5, what is 1 + 41023141?
41023142
In base 5, what is 1000010 + 400?
1000410
In base 2, what is 110 + 100010100101110110011001?
100010100101110110011111
In base 10, what is -7 + -38301206?
-38301213
In base 8, what is -5 + 2755736?
2755731
In base 2, what is 100011101110011101 + 1000101001?
100011110111000110
In base 10, what is 5043569 - -43?
5043612
In base 3, what is -200200221102201 - -1001?
-200200221101200
In base 16, what is 4b5467 - -27?
4b548e
In base 15, what is -3 + -139052?
-139055
In base 16, what is 5 - afa05a?
-afa055
In base 12, what is -466a4 - 7?
-466ab
In base 7, what is -1454 - 35160?
-36644
In base 3, what is 10 - -1012112021001?
1012112021011
In base 4, what is 1 + 1203122330312?
1203122330313
In base 10, what is -19378532 - -44?
-19378488
In base 14, what is 12bcd6b - -1?
12bcd6c
In base 3, what is -11200102100120 - -22?
-11200102100021
In base 8, what is 12123 - 1733?
10170
In base 9, what is 1285132 + -148?
1284873
In base 10, what is 1289 + 15868?
17157
In base 2, what is -10101011001111101001111000 + 11?
-10101011001111101001110101
In base 5, what is 124214 - 444304?
-320040
In base 11, what is -21384674 + 0?
-21384674
In base 3, what is 20010111101021202 - -12?
20010111101021221
In base 14, what is 0 + -9520346?
-9520346
In base 11, what is -190a + 659?
-1261
In base 11, what is 133a9016 + -4?
133a9012
In base 12, what is -468 - 529?
-995
In base 9, what is -2 - -1684535?
1684533
In base 14, what is 26a04b - 23?
26a028
In base 14, what is -5bdd05 - -3?
-5bdd02
In base 10, what is -46 - 830049?
-830095
In base 10, what is 4 - 7255176?
-7255172
In base 16, what is 5e2329 - 5?
5e2324
In base 2, what is 1111111011000110001001011110 - 10?
1111111011000110001001011100
In base 13, what is -669263 - 0?
-669263
In base 8, what is -403137073 - 0?
-403137073
In base 8, what is -4 - -14450545?
14450541
In base 11, what is 161259648 + 2?
16125964a
In base 9, what is -4668732 + 6?
-4668725
In base 4, what is -11112 - -22100032011?
22100020233
In base 7, what is -3 - 1600341555?
-1600341561
In base 14, what is 345502 + -1?
345501
In base 9, what is -4068 + 14564?
10485
In base 7, what is -10162131 - 103?
-10162234
In base 2, what is 1010001000011101 + 101010001100?
1010110010101001
In base 5, what is 13323 - 313000?
-244122
In base 9, what is 23 + 783746?
783770
In base 13, what is 477 + -25b?
219
In base 7, what is -1621 + 42640?
41016
In base 12, what is -44a + 4382b?
433a1
In base 7, what is -222002 + 250?
-221422
In base 4, what is 110 - 20203322210?
-20203322100
In base 2, what is -1101000001001011110 - -100000?
-1101000001000111110
In base 